{"id":204,"date":"2020-04-06T09:06:18","date_gmt":"2020-04-06T07:06:18","guid":{"rendered":"http:\/\/www.kredler.de\/?page_id=204"},"modified":"2020-04-06T10:13:28","modified_gmt":"2020-04-06T08:13:28","slug":"tum-twoinone-sommer-herbst-2011","status":"publish","type":"page","link":"https:\/\/www.kredler.de\/?page_id=204","title":{"rendered":"TUM twoinone Sommer\/Herbst 2011"},"content":{"rendered":"<p>In diesem Programm begannen am 2. Mai 2011 ca. 1.600 Studierende (vorl\u00e4ufig letzter G9-Jahrgang, u.a. wegen Abschaffung des Wehrdienstes vorzeitig entlassen) mit dem speziell an der TUM angebotenen &#8222;Turbo-Studium&#8220;.<\/p>\n<p>Am Ende (2016 bis 2018) gab es nicht mehr Studienabbrecher als sonst an der TUM (weniger als 20%).<br \/>\nDaf\u00fcr wurde der regul\u00e4re Studienbegin im Herbst 2011 (erster G8-Jahrgang + Rest G9) so entlastet, dass alle Studienanf\u00e4nger die an der TUM qualitativ hochwertigen Studienbedingungen vorfanden, die f\u00fcr die fachlich anspruchsvollen Studieng\u00e4nge Mathematik, Informatik, Naturwissenschaften, Technik (MINT) unabdingbar sind.<\/p>\n<p>Insgesamt waren im Wintersemester 2011 ca. doppelt so viele Studierende an der TUM eingeschrieben als 6 Jahre vorher.<\/p>\n<p>Zur Erinnerung an diese Zeit das TUM twoinone Begr\u00fc\u00dfungsvideo (<a href=\"http:\/\/kredler.de\/wp-content\/uploads\/2018\/07\/00_TWOinONE_teaser.m4v\" target=\"_blank\" rel=\"noopener noreferrer\">Download<\/a>).<\/p>\n<p>Hochscrollen und Video direkt anklicken!<\/p>\n<p><video src=\"http:\/\/kredler.de\/wp-content\/uploads\/2020\/04\/2011_TUM_twoinone_11_MB.mp4\" controls> <\/video><\/p>\n","protected":false},"excerpt":{"rendered":"<p>In diesem Programm begannen am 2. Mai 2011 ca. 1.600 Studierende (vorl\u00e4ufig letzter G9-Jahrgang, u.a. wegen Abschaffung des Wehrdienstes vorzeitig entlassen) mit dem speziell an der TUM angebotenen &#8222;Turbo-Studium&#8220;. Am Ende (2016 bis 2018) gab es nicht mehr Studienabbrecher als sonst an der TUM (weniger als 20%). Daf\u00fcr wurde der regul\u00e4re Studienbegin im Herbst 2011 [&hellip;]<\/p>\n","protected":false},"author":1,"featured_media":0,"parent":0,"menu_order":0,"comment_status":"closed","ping_status":"closed","template":"","meta":{"footnotes":""},"class_list":["post-204","page","type-page","status-publish","hentry"],"_links":{"self":[{"href":"https:\/\/www.kredler.de\/index.php?rest_route=\/wp\/v2\/pages\/204"}],"collection":[{"href":"https:\/\/www.kredler.de\/index.php?rest_route=\/wp\/v2\/pages"}],"about":[{"href":"https:\/\/www.kredler.de\/index.php?rest_route=\/wp\/v2\/types\/page"}],"author":[{"embeddable":true,"href":"https:\/\/www.kredler.de\/index.php?rest_route=\/wp\/v2\/users\/1"}],"replies":[{"embeddable":true,"href":"https:\/\/www.kredler.de\/index.php?rest_route=%2Fwp%2Fv2%2Fcomments&post=204"}],"version-history":[{"count":13,"href":"https:\/\/www.kredler.de\/index.php?rest_route=\/wp\/v2\/pages\/204\/revisions"}],"predecessor-version":[{"id":219,"href":"https:\/\/www.kredler.de\/index.php?rest_route=\/wp\/v2\/pages\/204\/revisions\/219"}],"wp:attachment":[{"href":"https:\/\/www.kredler.de\/index.php?rest_route=%2Fwp%2Fv2%2Fmedia&parent=204"}],"curies":[{"name":"wp","href":"https:\/\/api.w.org\/{rel}","templated":true}]}}